f x(f)?
7
Let w(f) = 7*f + f - 3 - 6*f. What is the units digit of w(3)?
3
Let a = 0 + 0. What is the units digit of (3 - -9)*(2 + a)?
4
Suppose -h = -5*p - 20, 3*p - 1 + 5 = -h. Let i be 4*(h/2)/(-5). What is the units digit of (-6)/(i - (-12)/9)?
9
Let m(c) = c**3 - 5*c**2 - 3. Let v be m(5). What is the units digit of v + 3 + -3 - -22?
9
Let c = 74 + -33. What is the units digit of c?
1
Let x(y) = -y**3 + 10*y**2 - 9*y + 5. Let p be x(9). Let h = p + -3. Suppose 2*i = -2, 0*d = h*d + 2*i. What is the units digit of d?
1
Suppose 42 + 10 = 4*r. Let a be ((-18)/4*2)/(-1). Let w = r - a. What is the units digit of w?
4
Let z = -12 - -8. What is the tens digit of z*1*119/(-28)?
1
Suppose b - 58 - 29 = -2*w, 2*w + 5*b = 91. Suppose 2*d + 8 - 20 = -4*t, 0 = 5*d - 3*t - w. What is the units digit of d?
8
Suppose 2*v + 0*v + 5*b - 1 = 0, 0 = v + 4*b + 1. Let s(y) = y**2 - 3*y + 2. Let k be s(2). Suppose -v*j + 6 = -k*j. What is the units digit of j?
2
Let c(k) = -4*k**3 - 23*k**2 - 12*k + 10. What is the units digit of c(-7)?
9
Let i(q) = -3*q - 10. Let n be i(-7). Let a be (-5 + 1)*(-10)/8. Let l = a + n. What is the tens digit of l?
1
Let a = -1 + 10. What is the units digit of a?
9
Let w be (-4)/(-10) + 36/10. Let h = w + -2. Suppose 0 = -h*d - 2*d + 32. What is the units digit of d?
8
Let d(u) = -u**3 + 13*u**2 + 2*u + 12. What is the tens digit of d(13)?
3
Let y(x) = -x + 4*x**3 - 17 - 3*x**3 - x**2 + 31. What is the units digit of y(0)?
4
Suppose -7*k - 2 = -3*s - 2*k, -2*s - 5*k + 18 = 0. Suppose -85 - 19 = -s*o. What is the units digit of o?
6
Let f(g) be the second derivative of g**4/6 + g**3/2 - 3*g**2/2 + 2*g. What is the tens digit of f(2)?
1
Suppose 0*v - 36 = -9*v. Suppose 0*n + 6 = 3*n. What is the units digit of 124/8 + n/v?
6
Let a be (18/15)/(4/10). Let u(h) = -a - h + 2 + 2. What is the units digit of u(-7)?
8
Let p be -11 + 3 + (-1 - -1). Let a = -5 - p. Suppose 0 = -a*m + m + 2. What is the units digit of m?
1
Let w be 2 + (1 - 2 - -2). Suppose 2*c - w*c = -4*i - 16, -5*c + 143 = i. What is the units digit of c?
8
Suppose 4 - 2 = u. What is the units digit of u?
2
What is the units digit of (-326)/4*(-30 - -28)?
3
Let q(h) = h - 3. Let f be q(4). Let s(b) = -7*b**2 + 6*b + 4. Let c(w) = w**2 + w + 1. Let p(r) = 5*c(r) - s(r). What is the units digit of p(f)?
2
Suppose -2*f + 233 = -47. What is the tens digit of f?
4
Suppose -62 - 19 = -3*s. What is the tens digit of s?
2
Suppose -z - 3*f - 7 = 0, 6*f = -4*z + 4*f + 22. Suppose -3*k + 13 = 4*h, 0 = -z*h + 3*h - 5*k + 20. What is the units digit of h?
1
Let w(u) = u**2 + 3*u - 3. Let y be w(-5). Suppose 5*r - 38 = y. What is the units digit of r?
9
What is the units digit of 3*12*30/27?
0
Let s be -18*((-27)/6 + 1). Let k = s + -43. What is the units digit of k?
0
Let z(g) = -g + 3 - 3 + 14 - 2. What is the tens digit of z(-10)?
2
Let m(v) = -v**3 - 8*v**2 + 2*v + 6. Let g be m(-8). What is the units digit of (0 + 5)*(-16)/g?
8
Let n = -8 - -13. Let y be (-2)/7 + 576/56. Suppose w + y = 3*w + s, n*w - s - 11 = 0. What is the units digit of w?
3
Let v = -20 - -23. What is the units digit of ((-8)/v)/(6/(-9))?
4
Let z(g) = -g + 12. Let a be z(9). Let s = a - -18. What is the units digit of s?
1
Let n = -8 + 5. Let b = -29 - -27. Let s = b - n. What is the units digit of s?
1
Let u be (2 - -10)*(-2)/3. Let c = -1 - u. What is the units digit of c?
7
Suppose -5*v + 640 = -3*y, -4*y + 24 = -v + 169. Suppose 3*w - 52 = -n + 23, v = 5*w + n. Let s = w + -5. What is the units digit of s?
0
Let v = 3 + 120. What is the units digit of v?
3
Suppose 6 = 3*d - 0*d. Let a(g) = 3*g - d - 12 + 2*g + 5. What is the tens digit of a(6)?
2
Let m(p) = 3*p - 2. Let y(l) = l**2 + 14*l - 10. Let b(s) = -11*m(s) + 2*y(s). What is the units digit of b(3)?
5
Suppose 4*m - 99 = 3*s, 2*m - s - 25 = m. Suppose 2*o = p - m, -11 - 5 = 2*o + p. Let j = o - -19. What is the units digit of j?
9
Let l = -9 - -1. Let u be l/3*(-15)/4. Let w = u + -6. What is the units digit of w?
4
Suppose 0 = -30*m + 35*m - 470. What is the tens digit of m?
9
Let z = -18 - -49. What is the tens digit of z?
3
Suppose 4 = n - 3*n. Let u be -1*(4*2)/n. Let y(b) = b**2 - 3*b + 2. What is the units digit of y(u)?
6
What is the units digit of 186/12 + (-1)/(-2)?
6
Let y = 74 + -29. Suppose 3*d + 0*d = y. What is the tens digit of d?
1
Suppose -6 = -b - 2, -63 = -5*x - 2*b. Let h be 1/((-2)/(-6))*x. What is the units digit of (-1)/3*(3 - h)?
0
Let v = 16 - 6. What is the tens digit of v?
1
Let p = -22 - -16. Let t be 28/(-6)*45/p. Let j = -23 + t. What is the tens digit of j?
1
Let g(l) = l. Let i be g(-2). Let t be 3/5 + i/(-5). Let z = t + 4. What is the units digit of z?
5
Suppose -38 + 14 = -3*g. Let s(b) = -b**2 + 7*b + 2. Let w be s(g). What is the units digit of -3 - 5/(5/w)?
3
Suppose f = -2 - 1. Let u = 5 + f. Suppose -5 = -3*p + 2*o, 2*p + 3*o - 35 = -u*o. What is the units digit of p?
5
Suppose -19 = -3*n - 4*u, 0 = 2*u + 3 - 11. What is the units digit of n?
1
Let t = 4 - 2. Suppose 0 = -5*b - z + 135, -5*b + 164 = -3*z + 9. Suppose t = 5*l - b. What is the units digit of l?
6
Let o(m) = m**3 - m**2 - 3*m - 3. Let t be o(3). Let p = t + -5. What is the units digit of 0 - 1 - (-3)/p?
2
Let j(h) = h**3 - 6*h**2 + 6*h + 7. Let z be j(6). Suppose z = 5*u + 3*s, -3*s + 4 = 2*u - 15. Let q(n) = n - 4. What is the units digit of q(u)?
4
Let y = -15 + 38. What is the units digit of y?
3
Let o = 58 + 9. What is the units digit of o?
7
Let i be (-123 + -9)/(3/2). Let g = -63 - i. What is the tens digit of g?
2
Let a be ((-164)/3)/(3/9). What is the tens digit of (-22)/(-33) + a/(-6)?
2
Let h = -133 - -77. What is the tens digit of 15/6*h/(-10)?
1
Let j = -224 + 399. What is the tens digit of j?
7
Let k(g) = -3*g + 10. Let h be k(5). What is the units digit of (-6)/15 + (-47)/h?
9
Let g = -21 - -35. What is the tens digit of g?
1
Let b(x) = 9 - x + 4*x + 0*x - 4*x. What is the units digit of b(5)?
4
Suppose 0*z - 3*z = -2*h + 72, -z + 214 = 5*h. What is the tens digit of h?
4
Let o(u) = 2*u**3 + 2*u**2 + u. Suppose h + 3*h - 9 = t, 4*t = -4*h + 4. Let k be o(t). What is the units digit of 1 + k + 3 + -2?
1
Suppose -4*b = i - 175, -b + 579 - 65 = 3*i. What is the units digit of i?
1
Suppose -12 = 2*v - 6*v. Suppose -v = 2*x - 43. What is the tens digit of x?
2
What is the units digit of 3 - 0 - (-20 - 8)?
1
Let x(v) = v**3 - v + 14. Let g be x(0). What is the units digit of (-4)/g - 18/(-14)?
1
Let v(f) be the third derivative of f**6/120 + 2*f**5/15 - f**4/8 + 2*f**3/3 - 7*f**2. What is the units digit of v(-8)?
8
Let f(b) = b**3 - 2*b**2 + 3*b - 2. Let y be f(2). Suppose -y + 20 = 2*l. What is the units digit of l?
8
Let l = 0 + 2. Let g be (1/l - 1)*-2. Suppose 0 = 5*w - k - 42, -g = k + 1. What is the units digit of w?
8
Suppose -3*m + 2*a + 5 = -12, -2*a = 8. Let r be 6/(-27) - (-4 + 274/(-18)). What is the tens digit of ((-18)/m)/(-2) + r?
2
Let f be (8/6)/((-1)/(-3)). Let r = f - 2. Suppose -r*g = g - 9. What is the units digit of g?
3
Let q be (-24)/(-28)*(-14)/(-3). Let u(i) = i**3 - 4*i**2 - i + 4. Let r be u(q). Suppose 10 = -r*p + p. What is the tens digit of p?
1
Let o = -155 - -342. What is the units digit of o?
7
Let f(u) = 26*u**3 - u**2 + u. What is the tens digit of f(1)?
2
Let p(l) = 1 - l**2 + 3*l + 0 + 4*l**3 - 7*l**3. What is the tens digit of p(-2)?
1
Let c be (-9)/21 + 1035/(-35). What is the tens digit of c*-3*(-3)/(-18)?
1
Let q be (-1)/(-1) + (0 - -3). Suppose 0 = q*u - 8 - 12. Suppose -u*z = -z - 16. What is the units digit of z?
4
Let u(d) be the third derivative of d**5/60 + d**4/12 - 4*d**2. What is the units digit of u(-3)?
3
Suppose 10 = -5*w, 4*q - 5*w - 658 = -0*w. What is the tens digit of q?
6
Suppose -37 = -4*i + 39. What is the tens digit of i?
1
Suppose 3*a - 117 = 2*z - 5*z, -a - 3*z + 45 = 0. Let c = -13 + a. What is the tens digit of c?
2
Let g(b) = -8*b - 15. What is the units digit of g(-19)?
7
Let a = 2 - 8. Let l(j) = j**3 + 6*j**2 + 5. Let o be l(a). Suppose -o*k + 15 + 15 = 0. What is the units digit of k?
6
Suppose -4*y = -6*y + 6. Suppose 0*l - 39 = -y*l. What is the tens digit of l?
1
Let j = 2 - 0. Suppose j*m = m + 14. What is the units digit of m?
4
Let d be (6 + -4)/(2/4). Suppos